{"id":648,"date":"2020-05-24T20:15:04","date_gmt":"2020-05-24T23:15:04","guid":{"rendered":"https:\/\/ultimateinfo.com.br\/v3\/?page_id=648"},"modified":"2024-03-26T20:44:17","modified_gmt":"2024-03-26T23:44:17","slug":"solicitar-orcamento","status":"publish","type":"page","link":"https:\/\/ultimateinfo.com.br\/v3\/contato\/solicitar-orcamento\/","title":{"rendered":"Solicitar Or\u00e7amento"},"content":{"rendered":"\n<p><strong>Agradecemos seu interesse na Ultimate Inform\u00e1tica.<\/strong><\/p>\n\n\n\n<p><strong>Por favor, preencha corretamente as informa\u00e7\u00f5es abaixo:<\/strong><\/p>\n\n\n<div class=\"wpforms-container wpforms-container-full\" id=\"wpforms-665\"><form id=\"wpforms-form-665\" class=\"wpforms-validate wpforms-form\" data-formid=\"665\" method=\"post\" enctype=\"multipart\/form-data\" action=\"\/v3\/wp-json\/wp\/v2\/pages\/648\" data-token=\"0a376f7fbb9c95bd9ba62ae22d9dcddb\" data-token-time=\"1776699750\"><noscript class=\"wpforms-error-noscript\">Ative o JavaScript no seu navegador para preencher este formul\u00e1rio.<\/noscript><div class=\"wpforms-field-container\"><div id=\"wpforms-665-field_2-container\" class=\"wpforms-field wpforms-field-text\" data-field-id=\"2\"><label class=\"wpforms-field-label\" for=\"wpforms-665-field_2\">Nome: <span class=\"wpforms-required-label\">*<\/span><\/label><input type=\"text\" id=\"wpforms-665-field_2\" class=\"wpforms-field-medium wpforms-field-required\" name=\"wpforms[fields][2]\" required><\/div><div id=\"wpforms-665-field_3-container\" class=\"wpforms-field wpforms-field-text\" data-field-id=\"3\"><label class=\"wpforms-field-label\" for=\"wpforms-665-field_3\">Empresa: <span class=\"wpforms-required-label\">*<\/span><\/label><input type=\"text\" id=\"wpforms-665-field_3\" class=\"wpforms-field-medium wpforms-field-required\" name=\"wpforms[fields][3]\" required><\/div><div id=\"wpforms-665-field_19-container\" class=\"wpforms-field wpforms-field-number\" data-field-id=\"19\"><label class=\"wpforms-field-label\" for=\"wpforms-665-field_19\">Telefone de Contato:<\/label><input type=\"number\" id=\"wpforms-665-field_19\" class=\"wpforms-field-medium\" name=\"wpforms[fields][19]\" placeholder=\"(XX) 9XXXX-XXXX\" step=\"any\" ><\/div><div id=\"wpforms-665-field_4-container\" class=\"wpforms-field wpforms-field-email\" data-field-id=\"4\"><label class=\"wpforms-field-label\">E-mail: <span class=\"wpforms-required-label\">*<\/span><\/label><div class=\"wpforms-field-row wpforms-field-medium\"><div class=\"wpforms-field-row-block wpforms-one-half wpforms-first\"><input type=\"email\" id=\"wpforms-665-field_4\" class=\"wpforms-field-required wpforms-field-email-primary\" name=\"wpforms[fields][4][primary]\" spellcheck=\"false\" required><label for=\"wpforms-665-field_4\" class=\"wpforms-field-sublabel after\">E-mail<\/label><\/div><div class=\"wpforms-field-row-block wpforms-one-half\"><input type=\"email\" id=\"wpforms-665-field_4-secondary\" class=\"wpforms-field-email-secondary wpforms-field-required\" data-rule-confirm=\"#wpforms-665-field_4\" name=\"wpforms[fields][4][secondary]\" spellcheck=\"false\" required><label for=\"wpforms-665-field_4-secondary\" class=\"wpforms-field-sublabel after\">Confirmar e-mail<\/label><\/div><\/div><\/div><div id=\"wpforms-665-field_8-container\" class=\"wpforms-field wpforms-field-select wpforms-field-select-style-classic\" data-field-id=\"8\"><label class=\"wpforms-field-label\" for=\"wpforms-665-field_8\">Quantidade de servidores (f\u00edsicos e\/ou virtuais):<\/label><select id=\"wpforms-665-field_8\" class=\"wpforms-field-medium\" name=\"wpforms[fields][8]\"><option value=\"N\u00e3o possuo\"  class=\"choice-1 depth-1\"  >N\u00e3o possuo<\/option><option value=\"1 servidor\"  class=\"choice-5 depth-1\"  >1 servidor<\/option><option value=\"2 servidores\"  class=\"choice-2 depth-1\"  >2 servidores<\/option><option value=\"3 servidores\"  class=\"choice-3 depth-1\"  >3 servidores<\/option><option value=\"4 ou mais servidores\"  class=\"choice-4 depth-1\"  >4 ou mais servidores<\/option><\/select><\/div><div id=\"wpforms-665-field_10-container\" class=\"wpforms-field wpforms-field-select wpforms-field-select-style-classic\" data-field-id=\"10\"><label class=\"wpforms-field-label\" for=\"wpforms-665-field_10\">Informe o sistema operacional do(s) servidor(es):<\/label><select id=\"wpforms-665-field_10\" class=\"wpforms-field-medium\" name=\"wpforms[fields][10]\"><option value=\"N\u00e3o possuo\"  class=\"choice-1 depth-1\"  >N\u00e3o possuo<\/option><option value=\"Windows\"  class=\"choice-2 depth-1\"  >Windows<\/option><option value=\"Linux\"  class=\"choice-3 depth-1\"  >Linux<\/option><option value=\"Windows e Linux\"  class=\"choice-4 depth-1\"  >Windows e Linux<\/option><option value=\"Outros\"  class=\"choice-5 depth-1\"  >Outros<\/option><\/select><\/div><div id=\"wpforms-665-field_11-container\" class=\"wpforms-field wpforms-field-select wpforms-field-select-style-classic\" data-field-id=\"11\"><label class=\"wpforms-field-label\" for=\"wpforms-665-field_11\">Quantidade de esta\u00e7\u00f5es de trabalho (notebooks e desktops):<\/label><select id=\"wpforms-665-field_11\" class=\"wpforms-field-medium\" name=\"wpforms[fields][11]\"><option value=\"At\u00e9 5 esta\u00e7\u00f5es de trabalho\"  class=\"choice-1 depth-1\"  >At\u00e9 5 esta\u00e7\u00f5es de trabalho<\/option><option value=\"At\u00e9 10 esta\u00e7\u00f5es de trabalho\"  class=\"choice-2 depth-1\"  >At\u00e9 10 esta\u00e7\u00f5es de trabalho<\/option><option value=\"At\u00e9 20 esta\u00e7\u00f5es de trabalho\"  class=\"choice-3 depth-1\"  >At\u00e9 20 esta\u00e7\u00f5es de trabalho<\/option><option value=\"30 ou mais esta\u00e7\u00f5es de trabalho\"  class=\"choice-4 depth-1\"  >30 ou mais esta\u00e7\u00f5es de trabalho<\/option><\/select><\/div><div id=\"wpforms-665-field_17-container\" class=\"wpforms-field wpforms-field-select wpforms-field-select-style-classic\" data-field-id=\"17\"><label class=\"wpforms-field-label\" for=\"wpforms-665-field_17\">Possui backup externo protegido e\/ou plano de recupera\u00e7\u00e3o:<\/label><select id=\"wpforms-665-field_17\" class=\"wpforms-field-medium\" name=\"wpforms[fields][17]\"><option value=\"Sim\"  class=\"choice-1 depth-1\"  >Sim<\/option><option value=\"N\u00e3o\"  class=\"choice-2 depth-1\"  >N\u00e3o<\/option><\/select><\/div><div id=\"wpforms-665-field_12-container\" class=\"wpforms-field wpforms-field-select wpforms-field-select-style-classic\" data-field-id=\"12\"><label class=\"wpforms-field-label\" for=\"wpforms-665-field_12\">Possui um prestador de TI atualmente:<\/label><select id=\"wpforms-665-field_12\" class=\"wpforms-field-medium\" name=\"wpforms[fields][12]\"><option value=\"Sim\"  class=\"choice-1 depth-1\"  >Sim<\/option><option value=\"N\u00e3o\"  class=\"choice-2 depth-1\"  >N\u00e3o<\/option><\/select><\/div><div id=\"wpforms-665-field_14-container\" class=\"wpforms-field wpforms-field-textarea\" data-field-id=\"14\"><label class=\"wpforms-field-label\" for=\"wpforms-665-field_14\">Conte-nos sobre as suas necessidades de melhoria:<\/label><textarea id=\"wpforms-665-field_14\" class=\"wpforms-field-medium\" name=\"wpforms[fields][14]\" ><\/textarea><\/div><\/div><!-- .wpforms-field-container --><div class=\"wpforms-field wpforms-field-hp\"><label for=\"wpforms-665-field-hp\" class=\"wpforms-field-label\">Website<\/label><input type=\"text\" name=\"wpforms[hp]\" id=\"wpforms-665-field-hp\" class=\"wpforms-field-medium\"><\/div><div class=\"wpforms-recaptcha-container wpforms-is-recaptcha wpforms-is-recaptcha-type-invisible\" ><div class=\"g-recaptcha\" data-sitekey=\"6LetD7QjAAAAAMbtl_RS0H28ziuEgAVlJJVNyT_w\" data-size=\"invisible\"><\/div><\/div><div class=\"wpforms-submit-container\" ><input type=\"hidden\" name=\"wpforms[id]\" value=\"665\"><input type=\"hidden\" name=\"page_title\" value=\"\"><input type=\"hidden\" name=\"page_url\" value=\"https:\/\/ultimateinfo.com.br\/v3\/wp-json\/wp\/v2\/pages\/648\"><input type=\"hidden\" name=\"url_referer\" value=\"\"><button type=\"submit\" name=\"wpforms[submit]\" id=\"wpforms-submit-665\" class=\"wpforms-submit\" data-alt-text=\"Enviando...\" data-submit-text=\"Enviar\" aria-live=\"assertive\" value=\"wpforms-submit\">Enviar<\/button><\/div><\/form><\/div>  <!-- .wpforms-container -->\n\n\n\n<p><\/p>\n","protected":false},"excerpt":{"rendered":"<p>Agradecemos seu interesse na Ultimate Inform\u00e1tica. Por favor, preencha corretamente as informa\u00e7\u00f5es abaixo:<\/p>\n","protected":false},"author":1,"featured_media":0,"parent":271,"menu_order":1,"comment_status":"closed","ping_status":"closed","template":"","meta":{"footnotes":""},"class_list":["post-648","page","type-page","status-publish","hentry"],"yoast_head":"<!-- This site is optimized with the Yoast SEO plugin v27.3 - https:\/\/yoast.com\/product\/yoast-seo-wordpress\/ -->\n<title>Solicitar Or\u00e7amento - Ultimate Inform\u00e1tica<\/title>\n<meta name=\"robots\" content=\"index, follow, max-snippet:-1, max-image-preview:large, max-video-preview:-1\" \/>\n<link rel=\"canonical\" href=\"https:\/\/ultimateinfo.com.br\/v3\/contato\/solicitar-orcamento\/\" \/>\n<meta property=\"og:locale\" content=\"pt_BR\" \/>\n<meta property=\"og:type\" content=\"article\" \/>\n<meta property=\"og:title\" content=\"Solicitar Or\u00e7amento - Ultimate Inform\u00e1tica\" \/>\n<meta property=\"og:description\" content=\"Agradecemos seu interesse na Ultimate Inform\u00e1tica. Por favor, preencha corretamente as informa\u00e7\u00f5es abaixo:\" \/>\n<meta property=\"og:url\" content=\"https:\/\/ultimateinfo.com.br\/v3\/contato\/solicitar-orcamento\/\" \/>\n<meta property=\"og:site_name\" content=\"Ultimate Inform\u00e1tica\" \/>\n<meta property=\"article:modified_time\" content=\"2024-03-26T23:44:17+00:00\" \/>\n<meta name=\"twitter:card\" content=\"summary_large_image\" \/>\n<meta name=\"twitter:label1\" content=\"Est. tempo de leitura\" \/>\n\t<meta name=\"twitter:data1\" content=\"1 minuto\" \/>\n<script type=\"application\/ld+json\" class=\"yoast-schema-graph\">{\"@context\":\"https:\\\/\\\/schema.org\",\"@graph\":[{\"@type\":\"WebPage\",\"@id\":\"https:\\\/\\\/ultimateinfo.com.br\\\/v3\\\/contato\\\/solicitar-orcamento\\\/\",\"url\":\"https:\\\/\\\/ultimateinfo.com.br\\\/v3\\\/contato\\\/solicitar-orcamento\\\/\",\"name\":\"Solicitar Or\u00e7amento - Ultimate Inform\u00e1tica\",\"isPartOf\":{\"@id\":\"https:\\\/\\\/ultimateinfo.com.br\\\/v3\\\/#website\"},\"datePublished\":\"2020-05-24T23:15:04+00:00\",\"dateModified\":\"2024-03-26T23:44:17+00:00\",\"breadcrumb\":{\"@id\":\"https:\\\/\\\/ultimateinfo.com.br\\\/v3\\\/contato\\\/solicitar-orcamento\\\/#breadcrumb\"},\"inLanguage\":\"pt-BR\",\"potentialAction\":[{\"@type\":\"ReadAction\",\"target\":[\"https:\\\/\\\/ultimateinfo.com.br\\\/v3\\\/contato\\\/solicitar-orcamento\\\/\"]}]},{\"@type\":\"BreadcrumbList\",\"@id\":\"https:\\\/\\\/ultimateinfo.com.br\\\/v3\\\/contato\\\/solicitar-orcamento\\\/#breadcrumb\",\"itemListElement\":[{\"@type\":\"ListItem\",\"position\":1,\"name\":\"In\u00edcio\",\"item\":\"https:\\\/\\\/ultimateinfo.com.br\\\/v3\\\/\"},{\"@type\":\"ListItem\",\"position\":2,\"name\":\"Contato\",\"item\":\"https:\\\/\\\/ultimateinfo.com.br\\\/v3\\\/contato\\\/\"},{\"@type\":\"ListItem\",\"position\":3,\"name\":\"Solicitar Or\u00e7amento\"}]},{\"@type\":\"WebSite\",\"@id\":\"https:\\\/\\\/ultimateinfo.com.br\\\/v3\\\/#website\",\"url\":\"https:\\\/\\\/ultimateinfo.com.br\\\/v3\\\/\",\"name\":\"Ultimate Inform\u00e1tica\",\"description\":\"Suporte de Inform\u00e1tica e solu\u00e7\u00f5es Windows e Linux para sua empresa.\",\"publisher\":{\"@id\":\"https:\\\/\\\/ultimateinfo.com.br\\\/v3\\\/#organization\"},\"potentialAction\":[{\"@type\":\"SearchAction\",\"target\":{\"@type\":\"EntryPoint\",\"urlTemplate\":\"https:\\\/\\\/ultimateinfo.com.br\\\/v3\\\/?s={search_term_string}\"},\"query-input\":{\"@type\":\"PropertyValueSpecification\",\"valueRequired\":true,\"valueName\":\"search_term_string\"}}],\"inLanguage\":\"pt-BR\"},{\"@type\":\"Organization\",\"@id\":\"https:\\\/\\\/ultimateinfo.com.br\\\/v3\\\/#organization\",\"name\":\"Ultimate Inform\u00e1tica\",\"url\":\"https:\\\/\\\/ultimateinfo.com.br\\\/v3\\\/\",\"logo\":{\"@type\":\"ImageObject\",\"inLanguage\":\"pt-BR\",\"@id\":\"https:\\\/\\\/ultimateinfo.com.br\\\/v3\\\/#\\\/schema\\\/logo\\\/image\\\/\",\"url\":\"https:\\\/\\\/ultimateinfo.com.br\\\/v3\\\/wp-content\\\/uploads\\\/Logotipo.png\",\"contentUrl\":\"https:\\\/\\\/ultimateinfo.com.br\\\/v3\\\/wp-content\\\/uploads\\\/Logotipo.png\",\"width\":2654,\"height\":757,\"caption\":\"Ultimate Inform\u00e1tica\"},\"image\":{\"@id\":\"https:\\\/\\\/ultimateinfo.com.br\\\/v3\\\/#\\\/schema\\\/logo\\\/image\\\/\"}}]}<\/script>\n<!-- \/ Yoast SEO plugin. -->","yoast_head_json":{"title":"Solicitar Or\u00e7amento - Ultimate Inform\u00e1tica","robots":{"index":"index","follow":"follow","max-snippet":"max-snippet:-1","max-image-preview":"max-image-preview:large","max-video-preview":"max-video-preview:-1"},"canonical":"https:\/\/ultimateinfo.com.br\/v3\/contato\/solicitar-orcamento\/","og_locale":"pt_BR","og_type":"article","og_title":"Solicitar Or\u00e7amento - Ultimate Inform\u00e1tica","og_description":"Agradecemos seu interesse na Ultimate Inform\u00e1tica. Por favor, preencha corretamente as informa\u00e7\u00f5es abaixo:","og_url":"https:\/\/ultimateinfo.com.br\/v3\/contato\/solicitar-orcamento\/","og_site_name":"Ultimate Inform\u00e1tica","article_modified_time":"2024-03-26T23:44:17+00:00","twitter_card":"summary_large_image","twitter_misc":{"Est. tempo de leitura":"1 minuto"},"schema":{"@context":"https:\/\/schema.org","@graph":[{"@type":"WebPage","@id":"https:\/\/ultimateinfo.com.br\/v3\/contato\/solicitar-orcamento\/","url":"https:\/\/ultimateinfo.com.br\/v3\/contato\/solicitar-orcamento\/","name":"Solicitar Or\u00e7amento - Ultimate Inform\u00e1tica","isPartOf":{"@id":"https:\/\/ultimateinfo.com.br\/v3\/#website"},"datePublished":"2020-05-24T23:15:04+00:00","dateModified":"2024-03-26T23:44:17+00:00","breadcrumb":{"@id":"https:\/\/ultimateinfo.com.br\/v3\/contato\/solicitar-orcamento\/#breadcrumb"},"inLanguage":"pt-BR","potentialAction":[{"@type":"ReadAction","target":["https:\/\/ultimateinfo.com.br\/v3\/contato\/solicitar-orcamento\/"]}]},{"@type":"BreadcrumbList","@id":"https:\/\/ultimateinfo.com.br\/v3\/contato\/solicitar-orcamento\/#breadcrumb","itemListElement":[{"@type":"ListItem","position":1,"name":"In\u00edcio","item":"https:\/\/ultimateinfo.com.br\/v3\/"},{"@type":"ListItem","position":2,"name":"Contato","item":"https:\/\/ultimateinfo.com.br\/v3\/contato\/"},{"@type":"ListItem","position":3,"name":"Solicitar Or\u00e7amento"}]},{"@type":"WebSite","@id":"https:\/\/ultimateinfo.com.br\/v3\/#website","url":"https:\/\/ultimateinfo.com.br\/v3\/","name":"Ultimate Inform\u00e1tica","description":"Suporte de Inform\u00e1tica e solu\u00e7\u00f5es Windows e Linux para sua empresa.","publisher":{"@id":"https:\/\/ultimateinfo.com.br\/v3\/#organization"},"potentialAction":[{"@type":"SearchAction","target":{"@type":"EntryPoint","urlTemplate":"https:\/\/ultimateinfo.com.br\/v3\/?s={search_term_string}"},"query-input":{"@type":"PropertyValueSpecification","valueRequired":true,"valueName":"search_term_string"}}],"inLanguage":"pt-BR"},{"@type":"Organization","@id":"https:\/\/ultimateinfo.com.br\/v3\/#organization","name":"Ultimate Inform\u00e1tica","url":"https:\/\/ultimateinfo.com.br\/v3\/","logo":{"@type":"ImageObject","inLanguage":"pt-BR","@id":"https:\/\/ultimateinfo.com.br\/v3\/#\/schema\/logo\/image\/","url":"https:\/\/ultimateinfo.com.br\/v3\/wp-content\/uploads\/Logotipo.png","contentUrl":"https:\/\/ultimateinfo.com.br\/v3\/wp-content\/uploads\/Logotipo.png","width":2654,"height":757,"caption":"Ultimate Inform\u00e1tica"},"image":{"@id":"https:\/\/ultimateinfo.com.br\/v3\/#\/schema\/logo\/image\/"}}]}},"_links":{"self":[{"href":"https:\/\/ultimateinfo.com.br\/v3\/wp-json\/wp\/v2\/pages\/648","targetHints":{"allow":["GET"]}}],"collection":[{"href":"https:\/\/ultimateinfo.com.br\/v3\/wp-json\/wp\/v2\/pages"}],"about":[{"href":"https:\/\/ultimateinfo.com.br\/v3\/wp-json\/wp\/v2\/types\/page"}],"author":[{"embeddable":true,"href":"https:\/\/ultimateinfo.com.br\/v3\/wp-json\/wp\/v2\/users\/1"}],"replies":[{"embeddable":true,"href":"https:\/\/ultimateinfo.com.br\/v3\/wp-json\/wp\/v2\/comments?post=648"}],"version-history":[{"count":8,"href":"https:\/\/ultimateinfo.com.br\/v3\/wp-json\/wp\/v2\/pages\/648\/revisions"}],"predecessor-version":[{"id":1122,"href":"https:\/\/ultimateinfo.com.br\/v3\/wp-json\/wp\/v2\/pages\/648\/revisions\/1122"}],"up":[{"embeddable":true,"href":"https:\/\/ultimateinfo.com.br\/v3\/wp-json\/wp\/v2\/pages\/271"}],"wp:attachment":[{"href":"https:\/\/ultimateinfo.com.br\/v3\/wp-json\/wp\/v2\/media?parent=648"}],"curies":[{"name":"wp","href":"https:\/\/api.w.org\/{rel}","templated":true}]}}